In base 7, what is 4 + 4100653?
4100660
In base 9, what is -787 - -6213?
5315
In base 7, what is 5 - -3561335?
3561343
In base 12, what is -50 + 6a?
1a
In base 6, what is 350 + 0?
350
In base 16, what is a5a00 - -1?
a5a01
In base 14, what is 17a - -6dc?
878
In base 14, what is 211169 + 4?
21116d
In base 9, what is 28 + 1813?
1842
In base 10, what is 1126 - 76?
1050
In base 13, what is -6540 - 9?
-6549
In base 2, what is -1011011110010 + -1000?
-1011011111010
In base 2, what is -101 - 10101000110101?
-10101000111010
In base 14, what is -1251 - -1c9?
-1066
In base 13, what is 29 + bc7?
c23
In base 13, what is -445 + ca?
-348
In base 3, what is -102 + 1002101?
1001222
In base 5, what is 412 - -333223?
334140
In base 8, what is 1 + -5342?
-5341
In base 14, what is 25 + 18d?
1b4
In base 15, what is 87d15 - 1?
87d14
In base 7, what is 1323 + 25003?
26326
In base 2, what is 111011111111 - 11000010?
111000111101
In base 2, what is -1100000 - 1011010?
-10111010
In base 2, what is 11000000011001101 - 1101?
11000000011000000
In base 2, what is 1110 + 1001010010000110?
1001010010010100
In base 8, what is -5 - -7365?
7360
In base 9, what is -5 + 21446?
21441
In base 16, what is 0 + -11380?
-11380
In base 14, what is -3 - 47da9?
-47dac
In base 10, what is 15 + -1813?
-1798
In base 5, what is -110 - 2130?
-2240
In base 10, what is 6 - -1038?
1044
In base 3, what is -11 + -220002101?
-220002112
In base 15, what is -23b6 + 16?
-23a0
In base 4, what is -13 + -33300?
-33313
In base 8, what is 441502 + 3?
441505
In base 11, what is -3 - -1477?
1474
In base 16, what is -4 - 1c40d?
-1c411
In base 7, what is -20453 + -1?
-20454
In base 13, what is 10b6 - -35?
111b
In base 13, what is 28773 + 0?
28773
In base 7, what is -23151 + 15?
-23133
In base 9, what is 11 + 48000?
48011
In base 7, what is 214 - -61455?
62002
In base 3, what is -101111102 + -101?
-101111210
In base 2, what is -1010 + -100110100111?
-100110110001
In base 15, what is -c1b + -301?
-101c
In base 11, what is -1a + 31713?
316a4
In base 4, what is 10200 + -32001?
-21201
In base 13, what is 1cc83 + 28?
1ccab
In base 11, what is -1522 - -6?
-1517
In base 2, what is -100 + -1001101110110011111?
-1001101110110100011
In base 12, what is 13 - 2384a?
-23837
In base 11, what is 68907 - 4?
68903
In base 8, what is -274 - 2506?
-3002
In base 6, what is 1415 + 250?
2105
In base 12, what is 66b55 + 3?
66b58
In base 8, what is 12 + -5400?
-5366
In base 12, what is -143a - 44?
-1482
In base 9, what is -355 + -201?
-556
In base 14, what is 35 + 381c?
3853
In base 2, what is 1 - 10010100011000110001?
-10010100011000110000
In base 7, what is 1006 + -621?
55
In base 12, what is -293 + 38?
-257
In base 14, what is -3 + 228134?
228131
In base 16, what is 6 + 195e?
1964
In base 6, what is 54 + 103205?
103303
In base 6, what is 500 + 1103?
2003
In base 9, what is 1104 - 262?
732
In base 10, what is -122 - -47?
-75
In base 8, what is -3533 + -76?
-3631
In base 14, what is 2 + -25351?
-2534d
In base 8, what is -72062 - -4?
-72056
In base 13, what is -756 - -2c8?
-45b
In base 14, what is -5 + -686c7?
-686cc
In base 5, what is 2 + 22022434?
22022441
In base 12, what is -34 - -5290a?
52896
In base 2, what is 10110 - 1010100110?
-1010010000
In base 5, what is -334 - -1440332?
1434443
In base 2, what is -100101101000110 - -100?
-100101101000010
In base 7, what is 116 + -12556?
-12440
In base 11, what is -2 + -33a218?
-33a21a
In base 15, what is -d - -2447?
2439
In base 13, what is 487 - 14?
473
In base 13, what is -3a - -187?
14a
In base 15, what is -c - 97078?
-97085
In base 15, what is -23 - -14?
-e
In base 6, what is 1223523 - 3?
1223520
In base 16, what is 2d + -969?
-93c
In base 6, what is -1 + -4511203?
-4511204
In base 6, what is 1514 - 310?
1204
In base 7, what is -162055215 - -1?
-162055214
In base 5, what is -3220031 - 4?
-3220040
In base 11, what is -129 - -10638?
1050a
In base 12, what is 1538 - -b5?
1631
In base 3, what is 1210011202210 + 10?
1210011202220
In base 6, what is 1 + -530200?
-530155
In base 9, what is 6851 - 3?
6847
In base 4, what is -302302130 - 10?
-302302200
In base 14, what is -4 - 379b5?
-379b9
In base 4, what is 20103213 + -20?
20103133
In base 3, what is 0 + 2121010?
2121010
In base 4, what is -1233133001 - 1?
-1233133002
In base 13, what is -1 + -4a9?
-4aa
In base 14, what is -a486 + -56?
-a4dc
In base 10, what is -607 - -44?
-563
In base 13, what is 196 + -2b?
168
In base 12, what is -a4 + 82?
-22
In base 16, what is -48 + -991?
-9d9
In base 13, what is 12 - -93cc?
9411
In base 3, what is -21021 - -21111001?
21012210
In base 13, what is c98 + 6?
ca1
In base 14, what is -1aa - -271?
a5
In base 11, what is -26 + -65a?
-685
In base 16, what is 18a - 33c?
-1b2
In base 10, what is 2 + -321075?
-321073
In base 7, what is -151 - -2504?
2323
In base 10, what is 273128 + 5?
273133
In base 16, what is 4 - 130c?
-1308
In base 11, what is -4 + 6a16?
6a12
In base 4, what is 213 - -11131223?
11132102
In base 15, what is 1a63 + -2c?
1a36
In base 14, what is -7038a9 + -4?
-7038ad
In base 3, what is -2111202 + -110012?
-2221221
In base 10, what is 2 + -35977?
-35975
In base 13, what is 10ba4 + 20?
10bc4
In base 4, what is -10 - 113320?
-113330
In base 15, what is -15029 - d?
-15037
In base 6, what is 0 + 1225200?
1225200
In base 11, what is 0 - -14a22?
14a22
In base 8, what is -7 - -102652?
102643
In base 10, what is 4 + -735?
-731
In base 12, what is -298 - -2a3?
7
In base 11, what is -33a47 - 0?
-33a47
In base 10, what is -2 - 79644?
-79646
In base 8, what is -773 + 17?
-754
In base 5, what is 3132212134 - -10?
3132212144
In base 5, what is -2241412 - 141?
-2242103
In base 10, what is -21046 - 2?
-21048
In base 14, what is 11 - 857?
-846
In base 14, what is -64 + -4504?
-4568
In base 16, what is 2 + e76a7?
e76a9
In base 4, what is 3 + -3311233312?
-3311233303
In base 16, what is aea3b - 2?
aea39
In base 5, what is 4 - 131014004?
-131014000
In base 5, what is -12 + -3002331?
-3002343
In base 2, what is 10010110 - -110011010100?
110101101010
In base 2, what is -100 + -1000010000001110?
-1000010000010010
In base 15, what is a8b1 + 4?
a8b5
In base 10, what is -164785 + 7?
-164778
In base 15, what is 3 + -9e6b?
-9e68
In base 13, what is -135a - 11?
-136b
In base 8, what is 215 - -4600?
5015
In base 9, what is 23648061 - -3?
23648064
In base 6, what is 144311 + 12?
144323
In base 5, what is -23200440 - -1?
-23200434
In base 14, what is -5b6 + 2b0?
-306
In base 5, what is 2 + -1130432?
-1130430
In base 10, what is 177 - 40?
137
In base 5, what is 20304 + -120?
20134
In base 11, what is -258 + 138?
-120
In base 8, what is 12 - -1262?
1274
In base 7, what is -30 + 15?
-12
In base 12, what is -781 - -35?
-748
In base 4, what is 11333332 - -30?
12000022
In base 13, what is 5 - -192c80?
192c85
In base 4, what is 210022203 + -2?
210022201
In base 11, what is 7 - 5a643?
-5a637
In base 13, what is 4 + -c8c?
-c88
In base 7, what is 114425 + 2?
114430
In base 4, what is 10223 + 11201?
22030
In base 8, what is 304 + 26013?
26317
In base 13, what is -17 + 7080?
7066
In base 14, what is 1d - -1a11?
1a30
In base 15, what is -20e57 + -1?
-20e58
In base 2, what is 101000101101111 + 110?
101000101110101
In base 4, what is 221 - -33211000?
33211221
In base 15, what is -4 + 185ec?
185e8
In base 15, what is 2e90 + 6?
2e96
In base 13, what is -1bc299 - 5?
-1bc2a1
In base 2, what is 101110101001101 - -100?
101110101010001
In base 5, what is 0 + 20413?
20413
In base 13, what is -1729a + -4?
-172a1
In base 10, what is -4 + 149018?
149014
In base 3, what is 102001010 + -112?
102000121
In base 14, what is 6a8c4a + 2?
6a8c4c
In base 3, what is -12 + -220101101?
-220101120
In base 12, what is -4a + -1b0?
-23a
In base 3, what is -1021 + 112011?
110220
In base 10, what is 279 + -1664?
-1385
In base 13, what is -16 - 5a4?
-5ba
In base 2, what is 100010 - 11000110001001?
-11000101100111
In base 5, what is -21104430 - -14?
-21104411
In base 16, what is -3ac - -cf?
-2dd
In base 9, what is 5 - 27563?
-27557
In base 12, what is 1316 - 9?
1309
In base 2, what is -1101000111000010011 + 0?
-1101000111000010011
In base 15, what is -1d96 + -24?
-1dba
In base 3, what is 12001012112 + 10?
12001012122
In base 8, what is 2234163 - -5?
2234170
In base 8, wh